nd 72540?
260
Calculate the highest common factor of 11468 and 188.
188
Calculate the highest common factor of 17536 and 3968.
128
Calculate the greatest common factor of 307 and 392960.
307
Calculate the highest common factor of 891 and 15336.
27
What is the highest common factor of 1470 and 970?
10
What is the greatest common factor of 1377 and 291681?
81
What is the highest common divisor of 6149 and 2288?
143
Calculate the highest common divisor of 2369 and 162637.
103
Calculate the greatest common divisor of 36189 and 243.
9
What is the greatest common factor of 1687098 and 3?
3
Calculate the greatest common factor of 164 and 2260.
4
What is the highest common divisor of 337032 and 496?
248
Calculate the greatest common factor of 345380 and 32.
4
Calculate the highest common divisor of 7 and 3954804.
7
What is the highest common factor of 14 and 3052966?
14
Calculate the highest common divisor of 12 and 120108.
12
What is the greatest common divisor of 18988 and 141?
47
Calculate the highest common divisor of 318 and 11148921.
159
What is the greatest common divisor of 72 and 203004?
36
Calculate the greatest common divisor of 200 and 245440.
40
Calculate the greatest common divisor of 38333 and 8.
1
What is the highest common divisor of 984 and 10479600?
984
Calculate the greatest common divisor of 312664 and 7296.
152
Calculate the greatest common divisor of 3801 and 180276.
543
What is the greatest common divisor of 3732 and 388?
4
What is the greatest common divisor of 840 and 1043160?
120
What is the highest common divisor of 2096217 and 2403?
801
What is the greatest common divisor of 33 and 14487?
33
What is the highest common divisor of 2 and 114602?
2
What is the greatest common factor of 513611 and 41825?
1673
What is the greatest common factor of 418 and 22648?
38
Calculate the greatest common factor of 828 and 792.
36
What is the greatest common divisor of 245 and 2978465?
245
Calculate the greatest common factor of 51348 and 3.
3
What is the highest common factor of 369 and 27183?
123
Calculate the highest common factor of 114 and 3008118.
114
What is the highest common factor of 25120 and 112?
16
What is the greatest common factor of 38975 and 125?
25
What is the greatest common divisor of 319112 and 16046?
226
What is the highest common factor of 19981 and 29627?
689
Calculate the greatest common factor of 57604 and 4.
4
What is the greatest common divisor of 3486 and 76194?
498
What is the greatest common factor of 368 and 19987?
23
What is the greatest common factor of 385 and 2564177?
77
Calculate the highest common factor of 112287 and 3906.
21
Calculate the greatest common divisor of 396 and 2502.
18
Calculate the highest common divisor of 5238 and 704220.
582
Calculate the greatest common divisor of 7030 and 222.
74
Calculate the greatest common divisor of 1002924 and 468.
468
What is the greatest common factor of 1874992 and 21?
7
What is the greatest common divisor of 3572 and 3895?
19
What is the highest common factor of 76553 and 314488?
2069
Calculate the highest common divisor of 55605 and 165.
165
Calculate the greatest common factor of 4422 and 59367.
33
What is the highest common divisor of 113452 and 226?
226
What is the greatest common divisor of 33226 and 111?
37
Calculate the highest common factor of 20622 and 18.
6
What is the greatest common factor of 19178 and 173494?
446
Calculate the greatest common factor of 7 and 20216.
7
Calculate the greatest common divisor of 147180 and 8697.
669
What is the highest common factor of 42334 and 25678?
694
What is the greatest common divisor of 3948 and 32382?
42
What is the highest common divisor of 19711 and 15295?
23
Calculate the highest common divisor of 32012 and 2756.
212
What is the highest common factor of 4902 and 2746754?
1634
Calculate the highest common divisor of 80 and 93640.
40
Calculate the greatest common divisor of 2088 and 157464.
72
What is the highest common divisor of 64224 and 9?
9
Calculate the highest common divisor of 360 and 7460.
20
What is the highest common factor of 315 and 34685?
35
What is the greatest common divisor of 19845 and 4018?
49
Calculate the highest common divisor of 7000 and 188160.
280
What is the highest common divisor of 264204 and 30788?
716
Calculate the greatest common factor of 52 and 464932.
52
What is the greatest common divisor of 129430 and 3710?
70
What is the highest common factor of 33696 and 1482?
78
Calculate the greatest common divisor of 231880 and 2046.
682
What is the greatest common factor of 286011 and 1080?
27
Calculate the highest common factor of 11 and 8927072.
11
Calculate the greatest common divisor of 15756 and 468.
156
What is the greatest common divisor of 2783 and 4853?
23
What is the highest common factor of 13902 and 126?
42
Calculate the highest common factor of 298 and 1229846.
298
What is the highest common divisor of 12285 and 33306?
273
Calculate the greatest common factor of 14 and 57274.
14
Calculate the greatest common factor of 364 and 2561.
13
What is the highest common factor of 1103121 and 171?
171
What is the highest common factor of 779 and 5248?
41
What is the greatest common divisor of 816 and 1462?
34
Calculate the highest common divisor of 124355 and 855.
95
Calculate the greatest common divisor of 316 and 4413888.
316
What is the greatest common factor of 111323 and 3?
1
Calculate the highest common divisor of 1593531 and 36.
9
What is the greatest common divisor of 12690 and 105?
15
What is the greatest common factor of 422 and 2663875?
211
Calculate the greatest common factor of 25297 and 287.
41
Calculate the highest common divisor of 42 and 17451.
21
What is the highest common divisor of 5150 and 2550?
50
What is the highest common factor of 7270 and 1?
1
Calculate the highest common divisor of 496068 and 67.
67
Calculate the greatest common factor of 8083 and 16577.
137
Calculate the highest common factor of 957354 and 8841.
1263
Calculate the greatest common factor of 1960 and 6769.
7
What is the greatest common divisor of 15344 and 6028?
548
Calculate the highest common divisor of 8395406 and 86.
86
Calculate the highest common divisor of 6 and 2494.
2
What is the highest common divisor of 135 and 87660?
45
Calculate the greatest common divisor of 592 and 2704.
16
What is the greatest common factor of 48346 and 1978?
46
What is the highest common factor of 3685 and 347127?
737
What is the greatest common factor of 114760 and 57?
19
Calculate the greatest common divisor of 67426 and 40.
2
Calculate the highest common divisor of 172 and 1731868.
172
Calculate the highest common divisor of 1113 and 520778.
53
Calculate the greatest common divisor of 885 and 146520.
15
Calculate the greatest common factor of 712660 and 910.
130
Calculate the greatest common divisor of 274392 and 144.
72
What is the highest common divisor of 196161 and 231?
21
Calculate the greatest common factor of 38151 and 1944.
243
Calculate the highest common factor of 122 and 514718.
122
What is the greatest common divisor of 1791 and 6516?
9
Calculate the greatest common factor of 36704 and 21793.
1147
Calculate the greatest common divisor of 186769 and 176.
11
Calculate the highest common factor of 1893 and 15.
3
What is the highest common factor of 9960 and 168?
24
Calculate the greatest common factor of 325280 and 475.
95
Calculate the greatest common factor of 15776 and 170.
34
Calculate the greatest common divisor of 21534 and 12804.
582
Calculate the greatest common factor of 59022 and 216.
54
Calculate the greatest common divisor of 3773 and 18522.
343
Calculate the greatest common factor of 274601 and 17.
17
What is the highest common divisor of 1298 and 15930?
118
What is the highest common factor of 164 and 1172?
4
What is the greatest common divisor of 25 and 2155?
5
Calculate the highest common divisor of 1100 and 162700.
100
Calculate the greatest common divisor of 14975 and 2300.
25
What is the greatest common divisor of 33 and 63437?
11
Calculate the highest common factor of 1445 and 601.
1
What is the greatest common factor of 537 and 496725?
537
Calculate the highest common divisor of 14 and 162302.
14
What is the greatest common factor of 11726 and 374?
22
What is the h